eatest common factor of n and 104.
13
Let k be 196/21 + (-8)/6. What is the highest common factor of 108 and k?
4
Suppose -c + 0*w = -w - 45, 3*c + w = 155. Calculate the greatest common divisor of 2 and c.
2
Suppose 12*u - 840 = 7*u - 5*f, 0 = -2*u + 3*f + 336. Suppose -2*m + 37 = -11. Calculate the highest common divisor of m and u.
24
Let d = 128 + -66. What is the highest common factor of 93 and d?
31
Let s = -30 + 39. Suppose s*p = 3*p + 420. What is the greatest common factor of p and 14?
14
Let h be 362/6 - 2/6. Let g be (120/35)/(6/42). Calculate the greatest common divisor of g and h.
12
Let j(y) = 8*y**2 + y - 2. Suppose 0 = 5*w + 18 + 37. Let q = w + 9. Let l be j(q). What is the highest common divisor of 224 and l?
28
Let q(r) = 8*r + 4. Let c be q(2). Suppose -2*g = 2*g + 12. Let l be 82 + g + -2 + 3. Calculate the greatest common divisor of c and l.
20
Suppose -346 - 781 = -23*h. Calculate the greatest common factor of h and 637.
49
Let j be (-1)/(3/12 + 0). Let o(s) = s**3 + 5*s**2 + 2*s - 5. Let x be o(j). Let n be (-100)/(-6) - (-1)/x. Calculate the highest common divisor of 17 and n.
17
Let x be (30/(-12) - -4)/(3/82). Calculate the greatest common divisor of 410 and x.
41
Let d(r) = 3*r**2 + 7*r - 60. Let h be d(6). What is the highest common divisor of h and 330?
30
Suppose 1170 = -14*k + 19*k. What is the greatest common divisor of k and 26?
26
Let s = -30 - -50. Suppose -s = 5*n + 10. Let l be (-56)/n*(-18)/(-7). Calculate the highest common factor of l and 12.
12
Let v = 49 - 38. Let a be (v*-1)/(1*1/(-6)). Calculate the highest common divisor of a and 6.
6
Let f = 146 - 134. Calculate the greatest common factor of 240 and f.
12
Let q(k) = 20*k**2 + 2*k - 6. Let d(z) = -z - 21. Let x be d(-19). Let y be q(x). Calculate the highest common divisor of y and 14.
14
Let m(d) = -12*d + 2. Let w be m(-2). Let o = 7 + 1. Suppose 31 + o = 3*y. What is the highest common divisor of w and y?
13
Let p(z) = -25*z - 126. Let r be p(-6). What is the highest common divisor of 33 and r?
3
Let l be ((-3)/((-9)/(-168)))/((-26)/39). Calculate the greatest common divisor of l and 21.
21
Let w(m) = m + 8. Let a be w(-6). Suppose -2*o + 16 = a*q - 3*o, 0 = -5*q - o + 26. Suppose 0 = q*t + t - 119. What is the greatest common divisor of t and 119?
17
Let j(w) = w**3 + w**2 + 18*w - 75. Let i be j(4). What is the greatest common factor of i and 33?
11
Let d = 179 - 277. Let w be (d/21 - -4)/((-1)/15). What is the highest common factor of w and 110?
10
Let j(p) = 13*p + 231. Let t be j(-15). Calculate the greatest common factor of 414 and t.
18
Suppose 2*w + 0 = 5*f - 104, 4*f = 5*w + 90. What is the highest common divisor of 25 and f?
5
Let j be 1/3 - 2/(-3). Let w = 6 - 2. Suppose -w*a + 35 = a. What is the greatest common divisor of j and a?
1
Let n = 1353 - 1245. Calculate the greatest common factor of n and 2484.
108
Suppose -5*u + x = 2, x - 2*x = 4*u - 2. Suppose u = 5*n + 5*s - 155, 5*n = -0*n + 5*s + 195. Calculate the greatest common factor of n and 385.
35
Let h be -1*14*(0 - 2). Let x be (-1 + 1)*(2 - (-3)/(-3)). Let r be (2270/9 - x) + 24/(-108). Calculate the highest common divisor of h and r.
28
Let w = -57 - -99. What is the greatest common factor of 28 and w?
14
Let x = -36 + 54. Let c = 62 + -109. Let i = c - -74. What is the highest common divisor of i and x?
9
Let q = 8 - -8. Let o(y) = -y**3 + y**2 - 27. Let v be o(0). Let z be (-3)/(v/6)*12. Calculate the highest common divisor of q and z.
8
Let u be (-6)/10*(-300)/216*6. Let t = 119 + -69. Calculate the greatest common divisor of t and u.
5
Let s(l) = 18*l. Let x be s(2). Let p(b) = -b**2 - 4. Let m be p(-3). Let u = m + x. Calculate the highest common divisor of u and 23.
23
Suppose 0 = o + 2 - 4, 3*k + 5*o - 61 = 0. What is the highest common factor of k and 391?
17
Let s(o) = o. Let p be s(4). Let g = 22 + -13. Let i = g + p. Calculate the highest common factor of i and 143.
13
Suppose 0 = -16*y + 15*y + 55. Suppose 4*p + 3*u = 47, u = p - 3*u - 7. What is the greatest common divisor of y and p?
11
Suppose 192 - 696 = -7*p. Calculate the highest common factor of 8 and p.
8
Let c be (15/6)/((95/170)/19). Calculate the greatest common factor of 425 and c.
85
Let h be 66/1 - (7 + -1). What is the greatest common divisor of 40 and h?
20
Let c = -654 + 976. Calculate the highest common divisor of 14 and c.
14
Suppose 4*b + 7 = -13, -4*b - 25 = -s. Suppose s*k - 59 = -w, 3*w - 4*k - 257 = -3*k. What is the highest common factor of w and 12?
12
Let q(r) = 16*r**2 + 2*r - 3*r**2 - 3*r. Let y be q(2). Suppose a + 10 = 20. What is the greatest common factor of a and y?
10
Let y be -1 + 0 + (-78)/(-2). Let g = -18 + y. Let a(m) = -m**3 + 18*m**2 + 23*m - 26. Let b be a(19). Calculate the greatest common divisor of b and g.
10
Let i be 68/8 - (14/(-4) + 3). Suppose -3*t = -7*t + 700. Suppose -4*k + 5*l + t = 0, -2*k + l = 3*k - 224. Calculate the greatest common divisor of k and i.
9
Let a = 320 - 307. Calculate the greatest common factor of 13 and a.
13
Let m be 4125/27 + (-1 - 11/(-9)). Calculate the highest common divisor of m and 136.
17
Suppose 195 = 33*g - 18*g. What is the highest common factor of g and 65?
13
Let q = -34 - -102. Let d = q - 42. Calculate the greatest common divisor of d and 182.
26
Let f be (1323/36)/7 - 2/8. Suppose 3*r - 255 = -0*r. Calculate the highest common factor of f and r.
5
Suppose -2*s + s = -11. Suppose 5 = -3*j + s. Suppose 2*p - 38 = j*u, p - 2*p = 4*u - 19. What is the greatest common divisor of 95 and p?
19
Suppose -n - 40 = -2*g, n = -g - 3*n + 2. Suppose -g*q + 15*q = -48. What is the highest common factor of 8 and q?
8
Suppose -37*a + 55 = -32*a. Calculate the greatest common divisor of a and 3.
1
Suppose -3*w + 37 - 4 = 0. Suppose -d = 38 - 159. Calculate the greatest common factor of w and d.
11
Let x = 47 - 27. Suppose 5 = -5*r - x. Let w be r/2*210/(-7). Calculate the greatest common divisor of w and 15.
15
Let y be 4/7 + 32*(-429)/(-182). What is the highest common factor of 28 and y?
4
Let v be 1758/18 + ((-8)/3)/(-2). Let b(p) = 3*p - 4. Let o be b(5). Calculate the greatest common factor of o and v.
11
Let s(g) = 64*g**3 - 2*g**2 + g. Let f be s(1). Let t = -13 + 55. Calculate the greatest common factor of t and f.
21
Let y be -3*(-132)/10 - 22/(-55). What is the greatest common factor of y and 260?
20
Let r = 1 + 0. Let q = 7 - 10. Let f = 0 - q. What is the greatest common divisor of f and r?
1
Suppose 5*v = 4*h + 275, -2*v + h = -7*v + 250. Calculate the greatest common divisor of v and 17.
17
Let z be (-6)/15*(31 - 126). Let p(w) = -10*w - 3. Let c be p(-6). What is the greatest common divisor of c and z?
19
Let b be 3/(-2)*(-20240)/120. Calculate the greatest common factor of 66 and b.
11
Suppose -4*q + 96 = s, q + 2*s + s - 24 = 0. Suppose 5 = -19*w + q*w. What is the greatest common factor of 5 and w?
1
Let a(u) = -u**3 + 5*u**2 + 10*u - 9. Let g be a(6). Suppose 4*p = -g - 1. Let h = p + 14. Calculate the highest common factor of 90 and h.
10
Suppose 3*m - 204 = 279. Calculate the greatest common divisor of m and 23.
23
Let l = 56 + -23. What is the highest common factor of 132 and l?
33
Let a(t) be the third derivative of t**6/12 + t**5/60 - t**3/6 - 4*t**2. Let h be a(1). What is the highest common divisor of h and 10?
10
Let l(j) = -j**2 + 5*j + 3. Let b be l(4). Let y be b*((-8)/(-14) - -2). Let w be (-501)/(-4) + 12/16. What is the greatest common divisor of w and y?
18
Suppose -k = -73 - 42. What is the greatest common factor of 23 and k?
23
Let m = 497 - 87. Let k = -245 + m. What is the greatest common factor of 15 and k?
15
Suppose -4*r - 7*q + 2*q = -47, -r + 23 = 5*q. Let n be (-65)/(-26)*r/10. Calculate the greatest common divisor of n and 18.
2
Let h(w) = 9*w**2. Let l be h(1). Let c be ((-5536)/l)/(-4) - (-26)/117. What is the highest common factor of 22 and c?
22
Let n = 64 + -38. What is the greatest common factor of 169 and n?
13
Let w(u) = -u**3 + 9*u**2 - 7*u - 5. Let x be w(6). Let q = x - 34. Let k(b) = -b**2 - 10*b - 6. Let y be k(-9). What is the highest common divisor of q and y?
3
Let c = 0 - -10. What is the greatest common divisor of c and 35?
5
Suppose -1744 = -7*o + 1231. Calculate the grea